{"id":52,"date":"2026-04-06T06:34:20","date_gmt":"2026-04-06T06:34:20","guid":{"rendered":"https:\/\/lichte-steine.de\/index.php\/home\/"},"modified":"2026-04-12T11:26:50","modified_gmt":"2026-04-12T11:26:50","slug":"home","status":"publish","type":"page","link":"https:\/\/lichte-steine.de\/","title":{"rendered":"Home"},"content":{"rendered":"\t\t<div data-elementor-type=\"wp-page\" data-elementor-id=\"52\" class=\"elementor elementor-52\">\n\t\t\t\t<div class=\"elementor-element elementor-element-4c3a01b e-con-full e-flex e-con e-parent\" data-id=\"4c3a01b\" data-element_type=\"container\" data-e-type=\"container\">\n\t\t<div class=\"elementor-element elementor-element-158e2c18 e-con-full e-flex e-con e-child\" data-id=\"158e2c18\" data-element_type=\"container\" data-e-type=\"container\">\n\t\t<div class=\"elementor-element elementor-element-b8bf63d e-con-full e-flex e-con e-child\" data-id=\"b8bf63d\" data-element_type=\"container\" data-e-type=\"container\">\n\t\t\t\t<div class=\"elementor-element elementor-element-4bd37299 elementor-widget elementor-widget-heading\" data-id=\"4bd37299\" data-element_type=\"widget\" data-e-type=\"widget\" data-widget_type=\"heading.default\">\n\t\t\t\t\t<h1 class=\"elementor-heading-title elementor-size-default\">Bildhauerei<\/h1>\t\t\t\t<\/div>\n\t\t\t\t<div class=\"elementor-element elementor-element-eb3a8c4 elementor-widget__width-inherit elementor-widget elementor-widget-heading\" data-id=\"eb3a8c4\" data-element_type=\"widget\" data-e-type=\"widget\" data-widget_type=\"heading.default\">\n\t\t\t\t\t<h1 class=\"elementor-heading-title elementor-size-default\">Susanne Ester-Habedank<\/h1>\t\t\t\t<\/div>\n\t\t\t\t<div class=\"elementor-element elementor-element-34557ee9 elementor-widget__width-initial elementor-widget elementor-widget-text-editor\" data-id=\"34557ee9\" data-element_type=\"widget\" data-e-type=\"widget\" data-widget_type=\"text-editor.default\">\n\t\t\t\t\t\t\t\t\t<p>Lichte Harmonie, Transparenz und Leichtigkeit finden Ausdruck in meinen Skulpturen.<\/p>\t\t\t\t\t\t\t\t<\/div>\n\t\t\t\t<\/div>\n\t\t\t\t<\/div>\n\t\t<div class=\"elementor-element elementor-element-40b42539 e-con-full e-flex e-con e-child\" data-id=\"40b42539\" data-element_type=\"container\" data-e-type=\"container\" data-settings=\"{&quot;background_background&quot;:&quot;classic&quot;}\">\n\t\t\t\t<\/div>\n\t\t\t\t<\/div>\n\t\t<div class=\"elementor-element elementor-element-73fd8e95 e-con-full e-flex e-con e-parent\" data-id=\"73fd8e95\" data-element_type=\"container\" data-e-type=\"container\">\n\t\t<div class=\"elementor-element elementor-element-17209eb0 e-con-full e-flex e-con e-child\" data-id=\"17209eb0\" data-element_type=\"container\" data-e-type=\"container\" data-settings=\"{&quot;background_background&quot;:&quot;classic&quot;}\">\n\t\t\t\t<\/div>\n\t\t<div class=\"elementor-element elementor-element-2be57289 e-con-full e-flex e-con e-child\" data-id=\"2be57289\" data-element_type=\"container\" data-e-type=\"container\">\n\t\t\t\t<div class=\"elementor-element elementor-element-613938a4 elementor-widget elementor-widget-heading\" data-id=\"613938a4\" data-element_type=\"widget\" data-e-type=\"widget\" data-widget_type=\"heading.default\">\n\t\t\t\t\t<h2 class=\"elementor-heading-title elementor-size-default\">Das Verborgene freilegen<\/h2>\t\t\t\t<\/div>\n\t\t\t\t<div class=\"elementor-element elementor-element-3e8e9aed elementor-widget elementor-widget-text-editor\" data-id=\"3e8e9aed\" data-element_type=\"widget\" data-e-type=\"widget\" data-widget_type=\"text-editor.default\">\n\t\t\t\t\t\t\t\t\t<p>In meiner bildhauerischen Arbeit verbinden sich Denken, Handeln und Wahrnehmen zu einem Prozess, der mich in eine noch unsichtbare Zukunft f\u00fchrt. Mit jedem Schlag offenbart sich die im Stein angelegte Form. Es ist ein Weg des Wachsens, Forschens und Entdeckens, der neue innere und \u00e4u\u00dfere R\u00e4ume er\u00f6ffnet \u2013 eine handfeste Reise bis zur fertigen Skulptur.<\/p>\t\t\t\t\t\t\t\t<\/div>\n\t\t\t\t<\/div>\n\t\t\t\t<\/div>\n\t\t<div class=\"elementor-element elementor-element-2c9e097c e-con-full e-flex e-con e-parent\" data-id=\"2c9e097c\" data-element_type=\"container\" data-e-type=\"container\">\n\t\t\t\t<div class=\"elementor-element elementor-element-26a0950 elementor-widget elementor-widget-heading\" data-id=\"26a0950\" data-element_type=\"widget\" data-e-type=\"widget\" data-widget_type=\"heading.default\">\n\t\t\t\t\t<span class=\"elementor-heading-title elementor-size-default\">werke<\/span>\t\t\t\t<\/div>\n\t\t<div class=\"elementor-element elementor-element-6c5f1fa e-grid e-con-full e-con e-child\" data-id=\"6c5f1fa\" data-element_type=\"container\" data-e-type=\"container\">\n\t\t\t\t<div class=\"elementor-element elementor-element-338b795 elementor-position-top elementor-widget elementor-widget-image-box\" data-id=\"338b795\" data-element_type=\"widget\" data-e-type=\"widget\" data-widget_type=\"image-box.default\">\n\t\t\t\t\t<div class=\"elementor-image-box-wrapper\"><figure class=\"elementor-image-box-img\"><img fetchpriority=\"high\" decoding=\"async\" width=\"827\" height=\"1357\" src=\"https:\/\/lichte-steine.de\/wp-content\/uploads\/2026\/04\/IMG_1019-e1775473640559.jpg\" class=\"elementor-animation-sink attachment-full size-full wp-image-168\" alt=\"\" srcset=\"https:\/\/lichte-steine.de\/wp-content\/uploads\/2026\/04\/IMG_1019-e1775473640559.jpg 827w, https:\/\/lichte-steine.de\/wp-content\/uploads\/2026\/04\/IMG_1019-e1775473640559-183x300.jpg 183w, https:\/\/lichte-steine.de\/wp-content\/uploads\/2026\/04\/IMG_1019-e1775473640559-624x1024.jpg 624w, https:\/\/lichte-steine.de\/wp-content\/uploads\/2026\/04\/IMG_1019-e1775473640559-768x1260.jpg 768w\" sizes=\"(max-width: 827px) 100vw, 827px\" \/><\/figure><div class=\"elementor-image-box-content\"><h3 class=\"elementor-image-box-title\">Das Luftelement findet Halt<\/h3><p class=\"elementor-image-box-description\">Sandstein, 2021 <br> <i>Privatbesitz<\/i><\/p><\/div><\/div>\t\t\t\t<\/div>\n\t\t\t\t<div class=\"elementor-element elementor-element-d390bf9 elementor-position-top elementor-widget elementor-widget-image-box\" data-id=\"d390bf9\" data-element_type=\"widget\" data-e-type=\"widget\" data-widget_type=\"image-box.default\">\n\t\t\t\t\t<div class=\"elementor-image-box-wrapper\"><figure class=\"elementor-image-box-img\"><img decoding=\"async\" width=\"1200\" height=\"1784\" src=\"https:\/\/lichte-steine.de\/wp-content\/uploads\/2026\/04\/IMG_1061.jpg\" class=\"elementor-animation-sink attachment-full size-full wp-image-155\" alt=\"\" srcset=\"https:\/\/lichte-steine.de\/wp-content\/uploads\/2026\/04\/IMG_1061.jpg 1200w, https:\/\/lichte-steine.de\/wp-content\/uploads\/2026\/04\/IMG_1061-202x300.jpg 202w, https:\/\/lichte-steine.de\/wp-content\/uploads\/2026\/04\/IMG_1061-689x1024.jpg 689w, https:\/\/lichte-steine.de\/wp-content\/uploads\/2026\/04\/IMG_1061-768x1142.jpg 768w, https:\/\/lichte-steine.de\/wp-content\/uploads\/2026\/04\/IMG_1061-1033x1536.jpg 1033w\" sizes=\"(max-width: 1200px) 100vw, 1200px\" \/><\/figure><div class=\"elementor-image-box-content\"><h3 class=\"elementor-image-box-title\">Ruhige Lebensbewegung<\/h3><p class=\"elementor-image-box-description\">Steatit, 2023 <br><i>Privatbesitz<\/i><\/p><\/div><\/div>\t\t\t\t<\/div>\n\t\t\t\t<div class=\"elementor-element elementor-element-98d3758 elementor-position-top elementor-widget elementor-widget-image-box\" data-id=\"98d3758\" data-element_type=\"widget\" data-e-type=\"widget\" data-widget_type=\"image-box.default\">\n\t\t\t\t\t<div class=\"elementor-image-box-wrapper\"><figure class=\"elementor-image-box-img\"><img decoding=\"async\" width=\"827\" height=\"1078\" src=\"https:\/\/lichte-steine.de\/wp-content\/uploads\/2026\/04\/IMG_1024.jpg\" class=\"elementor-animation-sink attachment-full size-full wp-image-153\" alt=\"\" srcset=\"https:\/\/lichte-steine.de\/wp-content\/uploads\/2026\/04\/IMG_1024.jpg 827w, https:\/\/lichte-steine.de\/wp-content\/uploads\/2026\/04\/IMG_1024-230x300.jpg 230w, https:\/\/lichte-steine.de\/wp-content\/uploads\/2026\/04\/IMG_1024-786x1024.jpg 786w, https:\/\/lichte-steine.de\/wp-content\/uploads\/2026\/04\/IMG_1024-768x1001.jpg 768w\" sizes=\"(max-width: 827px) 100vw, 827px\" \/><\/figure><div class=\"elementor-image-box-content\"><h3 class=\"elementor-image-box-title\">Vertrauen sch\u00f6pfen(d)\u200b<\/h3><p class=\"elementor-image-box-description\">Alabaster, 2024<br><i>verkauft<\/i><\/p><\/div><\/div>\t\t\t\t<\/div>\n\t\t\t\t<div class=\"elementor-element elementor-element-e2177b0 elementor-position-top elementor-widget elementor-widget-image-box\" data-id=\"e2177b0\" data-element_type=\"widget\" data-e-type=\"widget\" data-widget_type=\"image-box.default\">\n\t\t\t\t\t<div class=\"elementor-image-box-wrapper\"><figure class=\"elementor-image-box-img\"><img loading=\"lazy\" decoding=\"async\" width=\"1152\" height=\"1536\" src=\"https:\/\/lichte-steine.de\/wp-content\/uploads\/2026\/04\/IMG_0731-1152x1536.jpg\" class=\"elementor-animation-sink attachment-1536x1536 size-1536x1536 wp-image-161\" alt=\"\" srcset=\"https:\/\/lichte-steine.de\/wp-content\/uploads\/2026\/04\/IMG_0731-1152x1536.jpg 1152w, https:\/\/lichte-steine.de\/wp-content\/uploads\/2026\/04\/IMG_0731-225x300.jpg 225w, https:\/\/lichte-steine.de\/wp-content\/uploads\/2026\/04\/IMG_0731-768x1024.jpg 768w, https:\/\/lichte-steine.de\/wp-content\/uploads\/2026\/04\/IMG_0731-1536x2048.jpg 1536w, https:\/\/lichte-steine.de\/wp-content\/uploads\/2026\/04\/IMG_0731-scaled.jpg 1920w\" sizes=\"(max-width: 1152px) 100vw, 1152px\" \/><\/figure><div class=\"elementor-image-box-content\"><h3 class=\"elementor-image-box-title\">Hinwendung zum Licht<\/h3><p class=\"elementor-image-box-description\">Sandstein, 2024<br>1.250\u20ac<\/p><\/div><\/div>\t\t\t\t<\/div>\n\t\t\t\t<div class=\"elementor-element elementor-element-0903da6 elementor-position-top elementor-widget elementor-widget-image-box\" data-id=\"0903da6\" data-element_type=\"widget\" data-e-type=\"widget\" data-widget_type=\"image-box.default\">\n\t\t\t\t\t<div class=\"elementor-image-box-wrapper\"><figure class=\"elementor-image-box-img\"><img loading=\"lazy\" decoding=\"async\" width=\"1200\" height=\"1600\" src=\"https:\/\/lichte-steine.de\/wp-content\/uploads\/2026\/04\/IMG_6527.jpg\" class=\"elementor-animation-sink attachment-full size-full wp-image-156\" alt=\"\" srcset=\"https:\/\/lichte-steine.de\/wp-content\/uploads\/2026\/04\/IMG_6527.jpg 1200w, https:\/\/lichte-steine.de\/wp-content\/uploads\/2026\/04\/IMG_6527-225x300.jpg 225w, https:\/\/lichte-steine.de\/wp-content\/uploads\/2026\/04\/IMG_6527-768x1024.jpg 768w, https:\/\/lichte-steine.de\/wp-content\/uploads\/2026\/04\/IMG_6527-1152x1536.jpg 1152w\" sizes=\"(max-width: 1200px) 100vw, 1200px\" \/><\/figure><div class=\"elementor-image-box-content\"><h3 class=\"elementor-image-box-title\">Kleiner Lichtkeim<\/h3><p class=\"elementor-image-box-description\">Carrara-Marmor, 2025 <br>800\u20ac<\/p><\/div><\/div>\t\t\t\t<\/div>\n\t\t\t\t<div class=\"elementor-element elementor-element-02db3db elementor-position-top elementor-widget elementor-widget-image-box\" data-id=\"02db3db\" data-element_type=\"widget\" data-e-type=\"widget\" data-widget_type=\"image-box.default\">\n\t\t\t\t\t<div class=\"elementor-image-box-wrapper\"><figure class=\"elementor-image-box-img\"><img loading=\"lazy\" decoding=\"async\" width=\"1920\" height=\"2560\" src=\"https:\/\/lichte-steine.de\/wp-content\/uploads\/2026\/04\/IMG_8426-scaled.jpg\" class=\"elementor-animation-sink attachment-full size-full wp-image-158\" alt=\"\" srcset=\"https:\/\/lichte-steine.de\/wp-content\/uploads\/2026\/04\/IMG_8426-scaled.jpg 1920w, https:\/\/lichte-steine.de\/wp-content\/uploads\/2026\/04\/IMG_8426-225x300.jpg 225w, https:\/\/lichte-steine.de\/wp-content\/uploads\/2026\/04\/IMG_8426-768x1024.jpg 768w, https:\/\/lichte-steine.de\/wp-content\/uploads\/2026\/04\/IMG_8426-1152x1536.jpg 1152w, https:\/\/lichte-steine.de\/wp-content\/uploads\/2026\/04\/IMG_8426-1536x2048.jpg 1536w\" sizes=\"(max-width: 1920px) 100vw, 1920px\" \/><\/figure><div class=\"elementor-image-box-content\"><h3 class=\"elementor-image-box-title\">Heiter bis wolkig<\/h3><p class=\"elementor-image-box-description\">Alabaster, 2025 <br>1.050\u20ac<\/p><\/div><\/div>\t\t\t\t<\/div>\n\t\t\t\t<div class=\"elementor-element elementor-element-77005a3 elementor-position-top elementor-widget elementor-widget-image-box\" data-id=\"77005a3\" data-element_type=\"widget\" data-e-type=\"widget\" data-widget_type=\"image-box.default\">\n\t\t\t\t\t<div class=\"elementor-image-box-wrapper\"><figure class=\"elementor-image-box-img\"><img loading=\"lazy\" decoding=\"async\" width=\"1200\" height=\"1600\" src=\"https:\/\/lichte-steine.de\/wp-content\/uploads\/2026\/04\/IMG_9414.jpg\" class=\"elementor-animation-sink attachment-full size-full wp-image-159\" alt=\"\" srcset=\"https:\/\/lichte-steine.de\/wp-content\/uploads\/2026\/04\/IMG_9414.jpg 1200w, https:\/\/lichte-steine.de\/wp-content\/uploads\/2026\/04\/IMG_9414-225x300.jpg 225w, https:\/\/lichte-steine.de\/wp-content\/uploads\/2026\/04\/IMG_9414-768x1024.jpg 768w, https:\/\/lichte-steine.de\/wp-content\/uploads\/2026\/04\/IMG_9414-1152x1536.jpg 1152w\" sizes=\"(max-width: 1200px) 100vw, 1200px\" \/><\/figure><div class=\"elementor-image-box-content\"><h3 class=\"elementor-image-box-title\">Dem Lichten so nah<\/h3><p class=\"elementor-image-box-description\">Alabaster, 2026 <br>1.450\u20ac<\/p><\/div><\/div>\t\t\t\t<\/div>\n\t\t\t\t<div class=\"elementor-element elementor-element-d2a33ae elementor-position-top elementor-widget elementor-widget-image-box\" data-id=\"d2a33ae\" data-element_type=\"widget\" data-e-type=\"widget\" data-widget_type=\"image-box.default\">\n\t\t\t\t\t<div class=\"elementor-image-box-wrapper\"><figure class=\"elementor-image-box-img\"><img loading=\"lazy\" decoding=\"async\" width=\"377\" height=\"503\" src=\"https:\/\/lichte-steine.de\/wp-content\/uploads\/2026\/04\/e7ebbb07-630a-4db3-a6f8-967adb2315f3.jpg\" class=\"elementor-animation-sink attachment-full size-full wp-image-151\" alt=\"\" srcset=\"https:\/\/lichte-steine.de\/wp-content\/uploads\/2026\/04\/e7ebbb07-630a-4db3-a6f8-967adb2315f3.jpg 377w, https:\/\/lichte-steine.de\/wp-content\/uploads\/2026\/04\/e7ebbb07-630a-4db3-a6f8-967adb2315f3-225x300.jpg 225w\" sizes=\"(max-width: 377px) 100vw, 377px\" \/><\/figure><div class=\"elementor-image-box-content\"><h3 class=\"elementor-image-box-title\">Innere Einkehr<\/h3><p class=\"elementor-image-box-description\">Carrara-Marmor, 2021<br>1.050\u20ac<\/p><\/div><\/div>\t\t\t\t<\/div>\n\t\t\t\t<div class=\"elementor-element elementor-element-aeb9897 elementor-position-top elementor-widget elementor-widget-image-box\" data-id=\"aeb9897\" data-element_type=\"widget\" data-e-type=\"widget\" data-widget_type=\"image-box.default\">\n\t\t\t\t\t<div class=\"elementor-image-box-wrapper\"><figure class=\"elementor-image-box-img\"><img loading=\"lazy\" decoding=\"async\" width=\"1175\" height=\"899\" src=\"https:\/\/lichte-steine.de\/wp-content\/uploads\/2026\/04\/IMG_1016.jpg\" class=\"elementor-animation-sink attachment-full size-full wp-image-152\" alt=\"\" srcset=\"https:\/\/lichte-steine.de\/wp-content\/uploads\/2026\/04\/IMG_1016.jpg 1175w, https:\/\/lichte-steine.de\/wp-content\/uploads\/2026\/04\/IMG_1016-300x230.jpg 300w, https:\/\/lichte-steine.de\/wp-content\/uploads\/2026\/04\/IMG_1016-1024x783.jpg 1024w, https:\/\/lichte-steine.de\/wp-content\/uploads\/2026\/04\/IMG_1016-768x588.jpg 768w\" sizes=\"(max-width: 1175px) 100vw, 1175px\" \/><\/figure><div class=\"elementor-image-box-content\"><h3 class=\"elementor-image-box-title\">\u00dcbergang und Ausblick<\/h3><p class=\"elementor-image-box-description\">Sandstein, 2023<br>1.150\u20ac<\/p><\/div><\/div>\t\t\t\t<\/div>\n\t\t\t\t<div class=\"elementor-element elementor-element-ea6f6bb elementor-position-top elementor-widget elementor-widget-image-box\" data-id=\"ea6f6bb\" data-element_type=\"widget\" data-e-type=\"widget\" data-widget_type=\"image-box.default\">\n\t\t\t\t\t<div class=\"elementor-image-box-wrapper\"><figure class=\"elementor-image-box-img\"><img loading=\"lazy\" decoding=\"async\" width=\"2560\" height=\"1920\" src=\"https:\/\/lichte-steine.de\/wp-content\/uploads\/2026\/04\/IMG_8423-scaled.jpg\" class=\"elementor-animation-sink attachment-full size-full wp-image-157\" alt=\"\" srcset=\"https:\/\/lichte-steine.de\/wp-content\/uploads\/2026\/04\/IMG_8423-scaled.jpg 2560w, https:\/\/lichte-steine.de\/wp-content\/uploads\/2026\/04\/IMG_8423-300x225.jpg 300w, https:\/\/lichte-steine.de\/wp-content\/uploads\/2026\/04\/IMG_8423-1024x768.jpg 1024w, https:\/\/lichte-steine.de\/wp-content\/uploads\/2026\/04\/IMG_8423-768x576.jpg 768w, https:\/\/lichte-steine.de\/wp-content\/uploads\/2026\/04\/IMG_8423-1536x1152.jpg 1536w, https:\/\/lichte-steine.de\/wp-content\/uploads\/2026\/04\/IMG_8423-2048x1536.jpg 2048w\" sizes=\"(max-width: 2560px) 100vw, 2560px\" \/><\/figure><div class=\"elementor-image-box-content\"><h3 class=\"elementor-image-box-title\">Offene Transparenz<\/h3><p class=\"elementor-image-box-description\">Alabaster, 2025<br>1.750\u20ac<\/p><\/div><\/div>\t\t\t\t<\/div>\n\t\t\t\t<\/div>\n\t\t\t\t<\/div>\n\t\t<div class=\"elementor-element elementor-element-94f1f16 e-con-full e-flex e-con e-parent\" data-id=\"94f1f16\" data-element_type=\"container\" data-e-type=\"container\">\n\t\t<div class=\"elementor-element elementor-element-67a6d50 e-con-full e-flex e-con e-child\" data-id=\"67a6d50\" data-element_type=\"container\" data-e-type=\"container\" data-settings=\"{&quot;background_background&quot;:&quot;classic&quot;}\">\n\t\t\t\t<\/div>\n\t\t<div class=\"elementor-element elementor-element-1effa44 e-con-full e-flex e-con e-child\" data-id=\"1effa44\" data-element_type=\"container\" data-e-type=\"container\">\n\t\t\t\t<div class=\"elementor-element elementor-element-34d5222 elementor-widget elementor-widget-heading\" data-id=\"34d5222\" data-element_type=\"widget\" data-e-type=\"widget\" data-widget_type=\"heading.default\">\n\t\t\t\t\t<h2 class=\"elementor-heading-title elementor-size-default\">Kontakt<\/h2>\t\t\t\t<\/div>\n\t\t\t\t<div class=\"elementor-element elementor-element-feb6fa4 elementor-widget elementor-widget-text-editor\" data-id=\"feb6fa4\" data-element_type=\"widget\" data-e-type=\"widget\" data-widget_type=\"text-editor.default\">\n\t\t\t\t\t\t\t\t\t<p><b>Susanne Ester-Habedank<\/b><\/p>\n<p><a href=\"mailto:sonnenspuren@posteo.de\">sonnenspuren@posteo.de<\/a><\/p>\n<p>Tornesch &#8211; Schleswig-Holstein<\/p>\t\t\t\t\t\t\t\t<\/div>\n\t\t\t\t<\/div>\n\t\t\t\t<\/div>\n\t\t<div class=\"elementor-element elementor-element-d719986 e-flex e-con-boxed e-con e-parent\" data-id=\"d719986\" data-element_type=\"container\" data-e-type=\"container\">\n\t\t\t\t\t<div class=\"e-con-inner\">\n\t\t\t\t\t<\/div>\n\t\t\t\t<\/div>\n\t\t<div class=\"elementor-element elementor-element-21c63b6 e-flex e-con-boxed e-con e-parent\" data-id=\"21c63b6\" data-element_type=\"container\" data-e-type=\"container\" data-settings=\"{&quot;background_background&quot;:&quot;classic&quot;}\">\n\t\t\t\t\t<div class=\"e-con-inner\">\n\t\t\t\t<div class=\"elementor-element elementor-element-8b29503 elementor-widget elementor-widget-text-editor\" data-id=\"8b29503\" data-element_type=\"widget\" data-e-type=\"widget\" data-widget_type=\"text-editor.default\">\n\t\t\t\t\t\t\t\t\t<p><a href=\"https:\/\/lichte-steine.de\/index.php\/impressum\/\">Impressum<\/a><\/p>\t\t\t\t\t\t\t\t<\/div>\n\t\t\t\t\t<\/div>\n\t\t\t\t<\/div>\n\t\t\t\t<\/div>\n\t\t","protected":false},"excerpt":{"rendered":"<p>Bildhauerei Susanne Ester-Habedank Lichte Harmonie, Transparenz und Leichtigkeit finden Ausdruck in meinen Skulpturen. Das Verborgene freilegen In meiner bildhauerischen Arbeit verbinden sich Denken, Handeln und Wahrnehmen zu einem Prozess, der mich in eine noch unsichtbare Zukunft f\u00fchrt. Mit jedem Schlag offenbart sich die im Stein angelegte Form. Es ist ein Weg des Wachsens, Forschens und [&hellip;]<\/p>\n","protected":false},"author":1,"featured_media":0,"parent":0,"menu_order":0,"comment_status":"closed","ping_status":"closed","template":"elementor_canvas","meta":{"footnotes":""},"class_list":["post-52","page","type-page","status-publish","hentry"],"_links":{"self":[{"href":"https:\/\/lichte-steine.de\/index.php\/wp-json\/wp\/v2\/pages\/52","targetHints":{"allow":["GET"]}}],"collection":[{"href":"https:\/\/lichte-steine.de\/index.php\/wp-json\/wp\/v2\/pages"}],"about":[{"href":"https:\/\/lichte-steine.de\/index.php\/wp-json\/wp\/v2\/types\/page"}],"author":[{"embeddable":true,"href":"https:\/\/lichte-steine.de\/index.php\/wp-json\/wp\/v2\/users\/1"}],"replies":[{"embeddable":true,"href":"https:\/\/lichte-steine.de\/index.php\/wp-json\/wp\/v2\/comments?post=52"}],"version-history":[{"count":214,"href":"https:\/\/lichte-steine.de\/index.php\/wp-json\/wp\/v2\/pages\/52\/revisions"}],"predecessor-version":[{"id":336,"href":"https:\/\/lichte-steine.de\/index.php\/wp-json\/wp\/v2\/pages\/52\/revisions\/336"}],"wp:attachment":[{"href":"https:\/\/lichte-steine.de\/index.php\/wp-json\/wp\/v2\/media?parent=52"}],"curies":[{"name":"wp","href":"https:\/\/api.w.org\/{rel}","templated":true}]}}